(-12)/(-1026) - 0). Let i = b + -54. What is the greatest common divisor of i and 3?
3
Let n be 2/((10/(-2))/(-10)). Calculate the highest common factor of n and 332.
4
Let y = -459 + 678. What is the greatest common factor of y and 511?
73
Suppose 2595*i - 2591*i = 516. Calculate the highest common factor of i and 43.
43
Let n be 3/18 - 655/(-30). Calculate the greatest common divisor of n and 407.
11
Suppose -n + 5*n - 5*w = 32, 5*n - 3*w - 27 = 0. Suppose -n*v + 43 = -5. What is the highest common divisor of 64 and v?
16
Let s(c) = c**2 - 13*c + 14. Let b be s(13). Let j be (1155/b)/(-1 - 21/(-12)). Calculate the highest common divisor of 5 and j.
5
Suppose -78 = -3*c + 75. Let o = -1 - -69. What is the highest common factor of o and c?
17
Let p = 77 + -44. Let o be 1/(28/10172) - 10/35. Calculate the greatest common divisor of p and o.
33
Suppose 102 = 6*l - 66. What is the greatest common divisor of l and 8?
4
Suppose 37*j = 50*j - 819. Calculate the highest common factor of j and 207.
9
Let t be (16/(-10))/((-16)/40). Let u be 6*(-88)/(-12) + t. Calculate the highest common divisor of u and 12.
12
Let o be 4/((-18)/(-9)) + (4 - 1). Let t(s) = 3*s**2 - s - 4. Let x be t(3). What is the highest common factor of o and x?
5
Let q = 115 - -144. Calculate the greatest common divisor of q and 74.
37
Let f(y) = -y**3 + 62*y**2 + 74*y + 251. Let l be f(63). Calculate the highest common divisor of 177 and l.
59
Let l(j) = -j**3 + 15*j**2 - 21*j - 45. Let w be l(11). Calculate the highest common divisor of w and 32.
16
Let m(t) = -t**2 - 17*t - 20. Suppose 2*j = -24 - 8. Let o be m(j). Let g(q) = -3*q + 6. Let d be g(o). What is the highest common divisor of d and 6?
6
Let g(a) = -3*a + 3. Let n be (-18)/(-14) - (-30)/(-105). Suppose 2*c - 12 = -4, -s + n = c. Let m be g(s). What is the greatest common divisor of 3 and m?
3
Suppose 0*x - 5 = 5*x. Let q be ((15/(-1))/3)/x. Let w = 9 - q. Calculate the greatest common divisor of 4 and w.
4
Suppose 3*k - 240 = -5*o, -3*o + 4*o = -2*k + 55. What is the greatest common factor of o and 405?
45
Suppose j - 6 = -j. Suppose -2*t - 20 = -7*t. Suppose z = 4*z - 12, 0 = -t*r + z + 4. Calculate the greatest common divisor of r and j.
1
Suppose -992 = -4*g - 2*y, -3*g + 623 = -3*y - 121. What is the greatest common divisor of 16 and g?
8
Let c(j) = -j**2 - 24*j + 12. Let g be c(-10). Calculate the greatest common factor of 19 and g.
19
Let b be -30*((-30)/25)/3. Let r(d) = 4*d - 28. Let t be r(b). What is the greatest common divisor of t and 2?
2
Let i = -50 - -50. Suppose i*c = -10*c + 60. What is the greatest common divisor of 54 and c?
6
Suppose -5*d + 3 = -4*d. Suppose 3*g + d = 6. Calculate the greatest common factor of g and 4.
1
Let r(v) = -v - 4. Let p(t) = t**3 - 2*t**2 - 3. Let i be p(4). Let a = 24 - i. Let q be r(a). Calculate the greatest common factor of q and 2.
1
Let d = -4 + 63. Suppose -4*h + 3*l = -d, -69 = -h - 4*h - l. Calculate the highest common factor of h and 14.
14
Suppose 2*b = -2*u + 78, 0 = 5*u + 3*b - 162 - 41. Calculate the highest common factor of u and 774.
43
Let o(p) = -p + 90. Let i be o(0). Suppose 2*v - 11 = 3*c + 29, 4*v + 2*c = 48. Let d = 16 + v. What is the greatest common factor of d and i?
30
Suppose 0 = 10*l + 15 - 45. Calculate the highest common divisor of l and 33.
3
Suppose 0 = 3*w + 833 - 896. Calculate the highest common divisor of 357 and w.
21
Suppose -5*f - 400 = -10*f. Let i = f - 2. Calculate the greatest common factor of 26 and i.
26
Let h(t) = t**3 + 6*t**2 + 2*t + 6. Let i be h(-6). Let m(r) = -5*r - 20. Let n be m(i). Calculate the greatest common divisor of 10 and n.
10
Suppose 13*u = 14*u. Suppose u*n = -2*n + 8. What is the greatest common divisor of 4 and n?
4
Suppose -j + 2682 = -x + 672, -3*x = 5*j - 10082. Calculate the highest common factor of j and 38.
38
Suppose 0 = -12*a - 2*a + 224. Calculate the greatest common divisor of 128 and a.
16
Let t = 72 - 36. Let v be (t/7)/((-8)/(-140)). Let g = -39 + 75. What is the highest common divisor of g and v?
18
Let z(u) = 0*u**2 + 5*u**3 + 84 - 85 - u**2 + 2*u. Let r be z(1). Calculate the highest common divisor of r and 2.
1
Let b(k) = k**3 - 2*k**2 - 7*k - 3. Let c(t) = -t**2 - 12*t + 4. Let x be c(-12). Let g be b(x). Calculate the highest common divisor of g and 5.
1
Let v = -9 - -11. Suppose 0 = m + 3*h + 12, v*m - 5*h = -m + 34. Suppose 15 = m*c + 6. Calculate the greatest common divisor of c and 3.
3
Let a = 71 + -15. Suppose -6*f + 9 = -39. Calculate the highest common factor of a and f.
8
Let g be (-2217)/21 + (-6)/14. Let q = 51 + g. Let c = 83 + q. Calculate the highest common factor of c and 308.
28
Let f be 3*93 + 413/59. Calculate the greatest common divisor of 66 and f.
22
Suppose -4*p + 62 = 3*o - 3*p, 5*p = -2*o + 24. Calculate the greatest common factor of o and 55.
11
Let m(v) = -v**3 - 6*v**2 + 8*v + 71. Let h be m(-7). Calculate the highest common factor of 2 and h.
2
Suppose -400 = 23*z - 26*z + j, -5*j + 128 = z. Calculate the greatest common factor of 19 and z.
19
Suppose 66 = 5*p - 464. Suppose -p = 3*h - 370. Calculate the greatest common divisor of h and 22.
22
Let u = 244 - 220. What is the highest common divisor of u and 16?
8
Let i(u) = u**2 - 3*u - 50. Let w be i(9). Calculate the highest common factor of w and 2.
2
Let o = 44 + -34. Suppose 4*z - o = -2*j, -5 = z + 3*j - 0*j. Calculate the greatest common factor of 20 and z.
4
Let x be (-10*(72/(-15))/4)/2. Calculate the highest common factor of 48 and x.
6
Let q = 6 - -6. Let s = q + -3. Suppose -m = 3*n - 52 - 29, 0 = m + 4*n - 84. Calculate the greatest common divisor of m and s.
9
Let g be (-5 - 154/(-30)) + 92/(-15). Let c be 33*(3 + g/(-6)). What is the highest common divisor of c and 88?
44
Suppose 0 = 71*u - 75*u + 288. What is the highest common factor of u and 153?
9
Let x = 699 - 483. Let q(b) = b**3 - 4*b**2 + 2. Let o be q(5). Calculate the greatest common divisor of o and x.
27
Suppose 2545*n + 48 = 2549*n. Calculate the greatest common divisor of n and 516.
12
Let t = -850 - -1030. Let l = 3 - -17. Calculate the greatest common divisor of t and l.
20
Let d be ((-10)/(-6))/((-44)/(-33) - 1). Calculate the highest common divisor of 80 and d.
5
Suppose 4*b - 79 = -r, 2*b + 6 = -4. Suppose -30 = -5*t + 4*c, -5*t - 3*c - 2 = 3. Suppose 9 = n - t. What is the highest common factor of r and n?
11
Let x(k) = -k**3 - 6*k**2 + 2*k + 6. Let i be x(-4). Let l = 52 + i. Let r = l + -9. What is the highest common factor of 6 and r?
3
Let k(r) = r**3 + 7*r**2 + 4*r + 6. Let g be k(-5). Let m(c) = 10*c - 4. Let u be m(4). What is the greatest common divisor of g and u?
36
Suppose 64 = 5*x - 2*w, 2*x + 4*w - 6 = 34. Calculate the highest common factor of 140 and x.
14
Suppose 102 - 570 = -4*g - 4*k, -g = -4*k - 102. Suppose -9*l = -6*l - g. Calculate the highest common divisor of l and 304.
38
Let h(c) = 9*c + 132. Let w be h(-14). Calculate the highest common factor of w and 6.
6
Suppose -3*d = x, -2*x + d = x. Suppose 3*q = 2*c - x*q - 5, -2*c + 4*q = -6. Suppose 1 = -3*j + 7. Calculate the highest common divisor of j and c.
1
Let d = 181 + -101. Let r = -2 - -12. Calculate the highest common factor of r and d.
10
Suppose -10*y + 14*y = 420. Suppose -5*u + 2*h + y = 0, 4*u - 6*h = -4*h + 84. Let v be 14*(48/u - -2). Calculate the highest common factor of v and 20.
20
Suppose 52 = n + n. Let l(w) = -9*w**2 - 238*w - 65. Let d be l(-26). What is the greatest common factor of d and n?
13
Suppose 21 = v - 52. Let w(t) = 100*t**3 - t + t**2 - 2 + 24*t**3 + v*t**3 + 3. Let p be w(1). Calculate the greatest common divisor of p and 22.
22
Suppose -5*g - 238 = -2*w + 191, 3*w + 5*g - 581 = 0. What is the greatest common factor of 909 and w?
101
Let i = -26 - -68. What is the greatest common factor of i and 112?
14
Suppose 0*z - 4*z + 500 = 0. Let w = z + -35. Suppose -31*u + 40 = -27*u. What is the highest common factor of u and w?
10
Let f(q) = q**3 - 4*q**2 - 8. Let n be (24/20)/1*5. Let b be f(n). What is the highest common factor of 160 and b?
32
Let h be (-2)/3*(-6102)/36. What is the highest common divisor of h and 1243?
113
Let l(d) = 2*d**3 + 24*d**2 + d + 17. Let i be 24*(3/(-6))/1. Let c be l(i). What is the greates